{"id":577,"date":"2024-01-26T10:13:35","date_gmt":"2024-01-26T08:13:35","guid":{"rendered":"https:\/\/metsvintage.com\/kasutatud-riiete-hulgimuuk\/?post_type=product&#038;p=577"},"modified":"2024-07-10T08:29:46","modified_gmt":"2024-07-10T05:29:46","slug":"kasutatud-sorteerimata-tekstiilijaagid-kangajaagid10kg","status":"publish","type":"product","link":"https:\/\/metsvintage.com\/kasutatud-riiete-hulgimuuk\/toode\/kasutatud-sorteerimata-tekstiilijaagid-kangajaagid10kg\/","title":{"rendered":"Kasutatud sorteerimata tekstiilij\u00e4\u00e4gid\/kangaj\u00e4\u00e4gid 10kg"},"content":{"rendered":"","protected":false},"excerpt":{"rendered":"<p>Tegu on Skandinaaviast ja Itaaliast kogutud tekstiilidega. V\u00e4lja on sorteeritud v\u00e4ga m\u00e4\u00e4rdunud ja katkised esemed.<\/p>\n<p>Tekstiilide hulgas on erineva suurusega kangaj\u00e4\u00e4ke, mis enamasti sobivad k\u00e4sit\u00f6\u00f6ks ja v\u00e4iksemate esemete valmistamiseks. V\u00f5ib leida ka \u00fcksikuid suuremaid kangaid.<\/p>\n<p><strong>NB! Kotis v\u00f5ib olla ka v\u00e4ikese defektiga kaupa ( kergelt m\u00e4\u00e4rdunud vms), kuna sorteerija ei pruugi k\u00f5iki defekte m\u00e4rgata.\u00a0<\/strong><\/p>\n<p>Kaup p\u00e4rineb Itaaliast ja Skandinaaviast. Kauba hulgas on nii otse inimestelt kogutud tekstiile, kui taaskasutuspoodide kaubavahetuse j\u00e4\u00e4ke.<\/p>\n<p>Pildil on n\u00e4idisvalik suvalisest kangakotist v\u00f5etud kangastest.<\/p>\n<p>Kaup on pakitud 100L kottidesse.<\/p>\n","protected":false},"featured_media":576,"template":"","meta":{"site-sidebar-layout":"default","site-content-layout":"","ast-site-content-layout":"default","site-content-style":"default","site-sidebar-style":"default","ast-global-header-display":"","ast-banner-title-visibility":"","ast-main-header-display":"","ast-hfb-above-header-display":"","ast-hfb-below-header-display":"","ast-hfb-mobile-header-display":"","site-post-title":"","ast-breadcrumbs-content":"","ast-featured-img":"","footer-sml-layout":"","ast-disable-related-posts":"","theme-transparent-header-meta":"default","adv-header-id-meta":"","stick-header-meta":"","header-above-stick-meta":"","header-main-stick-meta":"","header-below-stick-meta":"","astra-migrate-meta-layouts":"set","ast-page-background-enabled":"default","ast-page-background-meta":{"desktop":{"background-color":"var(--ast-global-color-4)","background-image":"","background-repeat":"repeat","background-position":"center center","background-size":"auto","background-attachment":"scroll","background-type":"","background-media":"","overlay-type":"","overlay-color":"","overlay-opacity":"","overlay-gradient":""},"tablet":{"background-color":"","background-image":"","background-repeat":"repeat","background-position":"center center","background-size":"auto","background-attachment":"scroll","background-type":"","background-media":"","overlay-type":"","overlay-color":"","overlay-opacity":"","overlay-gradient":""},"mobile":{"background-color":"","background-image":"","background-repeat":"repeat","background-position":"center center","background-size":"auto","background-attachment":"scroll","background-type":"","background-media":"","overlay-type":"","overlay-color":"","overlay-opacity":"","overlay-gradient":""}},"ast-content-background-meta":{"desktop":{"background-color":"var(--ast-global-color-5)","background-image":"","background-repeat":"repeat","background-position":"center center","background-size":"auto","background-attachment":"scroll","background-type":"","background-media":"","overlay-type":"","overlay-color":"","overlay-opacity":"","overlay-gradient":""},"tablet":{"background-color":"var(--ast-global-color-5)","background-image":"","background-repeat":"repeat","background-position":"center center","background-size":"auto","background-attachment":"scroll","background-type":"","background-media":"","overlay-type":"","overlay-color":"","overlay-opacity":"","overlay-gradient":""},"mobile":{"background-color":"var(--ast-global-color-5)","background-image":"","background-repeat":"repeat","background-position":"center center","background-size":"auto","background-attachment":"scroll","background-type":"","background-media":"","overlay-type":"","overlay-color":"","overlay-opacity":"","overlay-gradient":""}}},"product_brand":[],"product_cat":[28],"product_tag":[],"class_list":{"0":"post-577","1":"product","2":"type-product","3":"status-publish","4":"has-post-thumbnail","6":"product_cat-kasutatud-tekstiilid-kilohinnaga","7":"desktop-align-center","8":"tablet-align-left","9":"mobile-align-left","10":"ast-product-gallery-layout-horizontal-slider","11":"ast-product-gallery-with-no-image","13":"first","14":"instock","15":"shipping-taxable","16":"purchasable","17":"product-type-simple"},"yoast_head":"<!-- This site is optimized with the Yoast SEO plugin v27.4 - https:\/\/yoast.com\/product\/yoast-seo-wordpress\/ -->\n<title>Kasutatud sorteerimata tekstiilij\u00e4\u00e4gid\/kangaj\u00e4\u00e4gid 10kg - Metsvintage<\/title>\n<meta name=\"description\" content=\"Kasutatud sorteerimata tekstiilij\u00e4\u00e4gid 10kg. Hulgi on soodsam. Kasutatud sorteerimata tekstiilij\u00e4\u00e4gid\/kangaj\u00e4\u00e4gid10kg\" \/>\n<meta name=\"robots\" content=\"index, follow, max-snippet:-1, max-image-preview:large, max-video-preview:-1\" \/>\n<link rel=\"canonical\" href=\"https:\/\/metsvintage.com\/kasutatud-riiete-hulgimuuk\/toode\/kasutatud-sorteerimata-tekstiilijaagid-kangajaagid10kg\/\" \/>\n<meta property=\"og:locale\" content=\"et_EE\" \/>\n<meta property=\"og:type\" content=\"article\" \/>\n<meta property=\"og:title\" content=\"Kasutatud sorteerimata tekstiilij\u00e4\u00e4gid\/kangaj\u00e4\u00e4gid 10kg - Metsvintage\" \/>\n<meta property=\"og:description\" content=\"Kasutatud sorteerimata tekstiilij\u00e4\u00e4gid 10kg. Hulgi on soodsam. Kasutatud sorteerimata tekstiilij\u00e4\u00e4gid\/kangaj\u00e4\u00e4gid10kg\" \/>\n<meta property=\"og:url\" content=\"https:\/\/metsvintage.com\/kasutatud-riiete-hulgimuuk\/toode\/kasutatud-sorteerimata-tekstiilijaagid-kangajaagid10kg\/\" \/>\n<meta property=\"og:site_name\" content=\"Metsvintage\" \/>\n<meta property=\"article:modified_time\" content=\"2024-07-10T05:29:46+00:00\" \/>\n<meta property=\"og:image\" content=\"https:\/\/metsvintage.com\/kasutatud-riiete-hulgimuuk\/wp-content\/uploads\/sites\/3\/2024\/01\/kangad4.jpg\" \/>\n\t<meta property=\"og:image:width\" content=\"1000\" \/>\n\t<meta property=\"og:image:height\" content=\"1000\" \/>\n\t<meta property=\"og:image:type\" content=\"image\/jpeg\" \/>\n<meta name=\"twitter:card\" content=\"summary_large_image\" \/>\n<meta name=\"twitter:label1\" content=\"Est. reading time\" \/>\n\t<meta name=\"twitter:data1\" content=\"1 minut\" \/>\n<script type=\"application\/ld+json\" class=\"yoast-schema-graph\">{\"@context\":\"https:\\\/\\\/schema.org\",\"@graph\":[{\"@type\":\"WebPage\",\"@id\":\"https:\\\/\\\/metsvintage.com\\\/kasutatud-riiete-hulgimuuk\\\/toode\\\/kasutatud-sorteerimata-tekstiilijaagid-kangajaagid10kg\\\/\",\"url\":\"https:\\\/\\\/metsvintage.com\\\/kasutatud-riiete-hulgimuuk\\\/toode\\\/kasutatud-sorteerimata-tekstiilijaagid-kangajaagid10kg\\\/\",\"name\":\"Kasutatud sorteerimata tekstiilij\u00e4\u00e4gid\\\/kangaj\u00e4\u00e4gid 10kg - Metsvintage\",\"isPartOf\":{\"@id\":\"https:\\\/\\\/metsvintage.com\\\/kasutatud-riiete-hulgimuuk\\\/#website\"},\"primaryImageOfPage\":{\"@id\":\"https:\\\/\\\/metsvintage.com\\\/kasutatud-riiete-hulgimuuk\\\/toode\\\/kasutatud-sorteerimata-tekstiilijaagid-kangajaagid10kg\\\/#primaryimage\"},\"image\":{\"@id\":\"https:\\\/\\\/metsvintage.com\\\/kasutatud-riiete-hulgimuuk\\\/toode\\\/kasutatud-sorteerimata-tekstiilijaagid-kangajaagid10kg\\\/#primaryimage\"},\"thumbnailUrl\":\"https:\\\/\\\/i0.wp.com\\\/metsvintage.com\\\/kasutatud-riiete-hulgimuuk\\\/wp-content\\\/uploads\\\/sites\\\/3\\\/2024\\\/01\\\/kangad4.jpg?fit=1000%2C1000&ssl=1\",\"datePublished\":\"2024-01-26T08:13:35+00:00\",\"dateModified\":\"2024-07-10T05:29:46+00:00\",\"description\":\"Kasutatud sorteerimata tekstiilij\u00e4\u00e4gid 10kg. Hulgi on soodsam. Kasutatud sorteerimata tekstiilij\u00e4\u00e4gid\\\/kangaj\u00e4\u00e4gid10kg\",\"breadcrumb\":{\"@id\":\"https:\\\/\\\/metsvintage.com\\\/kasutatud-riiete-hulgimuuk\\\/toode\\\/kasutatud-sorteerimata-tekstiilijaagid-kangajaagid10kg\\\/#breadcrumb\"},\"inLanguage\":\"et\",\"potentialAction\":[{\"@type\":\"ReadAction\",\"target\":[\"https:\\\/\\\/metsvintage.com\\\/kasutatud-riiete-hulgimuuk\\\/toode\\\/kasutatud-sorteerimata-tekstiilijaagid-kangajaagid10kg\\\/\"]}]},{\"@type\":\"ImageObject\",\"inLanguage\":\"et\",\"@id\":\"https:\\\/\\\/metsvintage.com\\\/kasutatud-riiete-hulgimuuk\\\/toode\\\/kasutatud-sorteerimata-tekstiilijaagid-kangajaagid10kg\\\/#primaryimage\",\"url\":\"https:\\\/\\\/i0.wp.com\\\/metsvintage.com\\\/kasutatud-riiete-hulgimuuk\\\/wp-content\\\/uploads\\\/sites\\\/3\\\/2024\\\/01\\\/kangad4.jpg?fit=1000%2C1000&ssl=1\",\"contentUrl\":\"https:\\\/\\\/i0.wp.com\\\/metsvintage.com\\\/kasutatud-riiete-hulgimuuk\\\/wp-content\\\/uploads\\\/sites\\\/3\\\/2024\\\/01\\\/kangad4.jpg?fit=1000%2C1000&ssl=1\",\"width\":1000,\"height\":1000,\"caption\":\"Kasutatud sorteerimata tekstiilij\u00e4\u00e4gid\\\/kangaj\u00e4\u00e4gid10kg\"},{\"@type\":\"BreadcrumbList\",\"@id\":\"https:\\\/\\\/metsvintage.com\\\/kasutatud-riiete-hulgimuuk\\\/toode\\\/kasutatud-sorteerimata-tekstiilijaagid-kangajaagid10kg\\\/#breadcrumb\",\"itemListElement\":[{\"@type\":\"ListItem\",\"position\":1,\"name\":\"Home\",\"item\":\"https:\\\/\\\/metsvintage.com\\\/kasutatud-riiete-hulgimuuk\\\/\"},{\"@type\":\"ListItem\",\"position\":2,\"name\":\"Pood\",\"item\":\"https:\\\/\\\/metsvintage.com\\\/kasutatud-riiete-hulgimuuk\\\/pood\\\/\"},{\"@type\":\"ListItem\",\"position\":3,\"name\":\"Kasutatud sorteerimata tekstiilij\u00e4\u00e4gid\\\/kangaj\u00e4\u00e4gid 10kg\"}]},{\"@type\":\"WebSite\",\"@id\":\"https:\\\/\\\/metsvintage.com\\\/kasutatud-riiete-hulgimuuk\\\/#website\",\"url\":\"https:\\\/\\\/metsvintage.com\\\/kasutatud-riiete-hulgimuuk\\\/\",\"name\":\"Kasutatud riiete hulgim\u00fc\u00fck\",\"description\":\"Kasutatud riiete hulgim\u00fc\u00fck\",\"publisher\":{\"@id\":\"https:\\\/\\\/metsvintage.com\\\/kasutatud-riiete-hulgimuuk\\\/#organization\"},\"potentialAction\":[{\"@type\":\"SearchAction\",\"target\":{\"@type\":\"EntryPoint\",\"urlTemplate\":\"https:\\\/\\\/metsvintage.com\\\/kasutatud-riiete-hulgimuuk\\\/?s={search_term_string}\"},\"query-input\":{\"@type\":\"PropertyValueSpecification\",\"valueRequired\":true,\"valueName\":\"search_term_string\"}}],\"inLanguage\":\"et\"},{\"@type\":\"Organization\",\"@id\":\"https:\\\/\\\/metsvintage.com\\\/kasutatud-riiete-hulgimuuk\\\/#organization\",\"name\":\"Kasutatud riiete hulgim\u00fc\u00fck\",\"url\":\"https:\\\/\\\/metsvintage.com\\\/kasutatud-riiete-hulgimuuk\\\/\",\"logo\":{\"@type\":\"ImageObject\",\"inLanguage\":\"et\",\"@id\":\"https:\\\/\\\/metsvintage.com\\\/kasutatud-riiete-hulgimuuk\\\/#\\\/schema\\\/logo\\\/image\\\/\",\"url\":\"https:\\\/\\\/i0.wp.com\\\/metsvintage.com\\\/kasutatud-riiete-hulgimuuk\\\/wp-content\\\/uploads\\\/sites\\\/3\\\/2024\\\/01\\\/cropped-cropped-icon-roheline-512px-1-1.png?fit=487%2C487&ssl=1\",\"contentUrl\":\"https:\\\/\\\/i0.wp.com\\\/metsvintage.com\\\/kasutatud-riiete-hulgimuuk\\\/wp-content\\\/uploads\\\/sites\\\/3\\\/2024\\\/01\\\/cropped-cropped-icon-roheline-512px-1-1.png?fit=487%2C487&ssl=1\",\"width\":487,\"height\":487,\"caption\":\"Kasutatud riiete hulgim\u00fc\u00fck\"},\"image\":{\"@id\":\"https:\\\/\\\/metsvintage.com\\\/kasutatud-riiete-hulgimuuk\\\/#\\\/schema\\\/logo\\\/image\\\/\"}}]}<\/script>\n<!-- \/ Yoast SEO plugin. -->","yoast_head_json":{"title":"Kasutatud sorteerimata tekstiilij\u00e4\u00e4gid\/kangaj\u00e4\u00e4gid 10kg - Metsvintage","description":"Kasutatud sorteerimata tekstiilij\u00e4\u00e4gid 10kg. Hulgi on soodsam. Kasutatud sorteerimata tekstiilij\u00e4\u00e4gid\/kangaj\u00e4\u00e4gid10kg","robots":{"index":"index","follow":"follow","max-snippet":"max-snippet:-1","max-image-preview":"max-image-preview:large","max-video-preview":"max-video-preview:-1"},"canonical":"https:\/\/metsvintage.com\/kasutatud-riiete-hulgimuuk\/toode\/kasutatud-sorteerimata-tekstiilijaagid-kangajaagid10kg\/","og_locale":"et_EE","og_type":"article","og_title":"Kasutatud sorteerimata tekstiilij\u00e4\u00e4gid\/kangaj\u00e4\u00e4gid 10kg - Metsvintage","og_description":"Kasutatud sorteerimata tekstiilij\u00e4\u00e4gid 10kg. Hulgi on soodsam. Kasutatud sorteerimata tekstiilij\u00e4\u00e4gid\/kangaj\u00e4\u00e4gid10kg","og_url":"https:\/\/metsvintage.com\/kasutatud-riiete-hulgimuuk\/toode\/kasutatud-sorteerimata-tekstiilijaagid-kangajaagid10kg\/","og_site_name":"Metsvintage","article_modified_time":"2024-07-10T05:29:46+00:00","og_image":[{"width":1000,"height":1000,"url":"https:\/\/metsvintage.com\/kasutatud-riiete-hulgimuuk\/wp-content\/uploads\/sites\/3\/2024\/01\/kangad4.jpg","type":"image\/jpeg"}],"twitter_card":"summary_large_image","twitter_misc":{"Est. reading time":"1 minut"},"schema":{"@context":"https:\/\/schema.org","@graph":[{"@type":"WebPage","@id":"https:\/\/metsvintage.com\/kasutatud-riiete-hulgimuuk\/toode\/kasutatud-sorteerimata-tekstiilijaagid-kangajaagid10kg\/","url":"https:\/\/metsvintage.com\/kasutatud-riiete-hulgimuuk\/toode\/kasutatud-sorteerimata-tekstiilijaagid-kangajaagid10kg\/","name":"Kasutatud sorteerimata tekstiilij\u00e4\u00e4gid\/kangaj\u00e4\u00e4gid 10kg - Metsvintage","isPartOf":{"@id":"https:\/\/metsvintage.com\/kasutatud-riiete-hulgimuuk\/#website"},"primaryImageOfPage":{"@id":"https:\/\/metsvintage.com\/kasutatud-riiete-hulgimuuk\/toode\/kasutatud-sorteerimata-tekstiilijaagid-kangajaagid10kg\/#primaryimage"},"image":{"@id":"https:\/\/metsvintage.com\/kasutatud-riiete-hulgimuuk\/toode\/kasutatud-sorteerimata-tekstiilijaagid-kangajaagid10kg\/#primaryimage"},"thumbnailUrl":"https:\/\/i0.wp.com\/metsvintage.com\/kasutatud-riiete-hulgimuuk\/wp-content\/uploads\/sites\/3\/2024\/01\/kangad4.jpg?fit=1000%2C1000&ssl=1","datePublished":"2024-01-26T08:13:35+00:00","dateModified":"2024-07-10T05:29:46+00:00","description":"Kasutatud sorteerimata tekstiilij\u00e4\u00e4gid 10kg. Hulgi on soodsam. Kasutatud sorteerimata tekstiilij\u00e4\u00e4gid\/kangaj\u00e4\u00e4gid10kg","breadcrumb":{"@id":"https:\/\/metsvintage.com\/kasutatud-riiete-hulgimuuk\/toode\/kasutatud-sorteerimata-tekstiilijaagid-kangajaagid10kg\/#breadcrumb"},"inLanguage":"et","potentialAction":[{"@type":"ReadAction","target":["https:\/\/metsvintage.com\/kasutatud-riiete-hulgimuuk\/toode\/kasutatud-sorteerimata-tekstiilijaagid-kangajaagid10kg\/"]}]},{"@type":"ImageObject","inLanguage":"et","@id":"https:\/\/metsvintage.com\/kasutatud-riiete-hulgimuuk\/toode\/kasutatud-sorteerimata-tekstiilijaagid-kangajaagid10kg\/#primaryimage","url":"https:\/\/i0.wp.com\/metsvintage.com\/kasutatud-riiete-hulgimuuk\/wp-content\/uploads\/sites\/3\/2024\/01\/kangad4.jpg?fit=1000%2C1000&ssl=1","contentUrl":"https:\/\/i0.wp.com\/metsvintage.com\/kasutatud-riiete-hulgimuuk\/wp-content\/uploads\/sites\/3\/2024\/01\/kangad4.jpg?fit=1000%2C1000&ssl=1","width":1000,"height":1000,"caption":"Kasutatud sorteerimata tekstiilij\u00e4\u00e4gid\/kangaj\u00e4\u00e4gid10kg"},{"@type":"BreadcrumbList","@id":"https:\/\/metsvintage.com\/kasutatud-riiete-hulgimuuk\/toode\/kasutatud-sorteerimata-tekstiilijaagid-kangajaagid10kg\/#breadcrumb","itemListElement":[{"@type":"ListItem","position":1,"name":"Home","item":"https:\/\/metsvintage.com\/kasutatud-riiete-hulgimuuk\/"},{"@type":"ListItem","position":2,"name":"Pood","item":"https:\/\/metsvintage.com\/kasutatud-riiete-hulgimuuk\/pood\/"},{"@type":"ListItem","position":3,"name":"Kasutatud sorteerimata tekstiilij\u00e4\u00e4gid\/kangaj\u00e4\u00e4gid 10kg"}]},{"@type":"WebSite","@id":"https:\/\/metsvintage.com\/kasutatud-riiete-hulgimuuk\/#website","url":"https:\/\/metsvintage.com\/kasutatud-riiete-hulgimuuk\/","name":"Kasutatud riiete hulgim\u00fc\u00fck","description":"Kasutatud riiete hulgim\u00fc\u00fck","publisher":{"@id":"https:\/\/metsvintage.com\/kasutatud-riiete-hulgimuuk\/#organization"},"potentialAction":[{"@type":"SearchAction","target":{"@type":"EntryPoint","urlTemplate":"https:\/\/metsvintage.com\/kasutatud-riiete-hulgimuuk\/?s={search_term_string}"},"query-input":{"@type":"PropertyValueSpecification","valueRequired":true,"valueName":"search_term_string"}}],"inLanguage":"et"},{"@type":"Organization","@id":"https:\/\/metsvintage.com\/kasutatud-riiete-hulgimuuk\/#organization","name":"Kasutatud riiete hulgim\u00fc\u00fck","url":"https:\/\/metsvintage.com\/kasutatud-riiete-hulgimuuk\/","logo":{"@type":"ImageObject","inLanguage":"et","@id":"https:\/\/metsvintage.com\/kasutatud-riiete-hulgimuuk\/#\/schema\/logo\/image\/","url":"https:\/\/i0.wp.com\/metsvintage.com\/kasutatud-riiete-hulgimuuk\/wp-content\/uploads\/sites\/3\/2024\/01\/cropped-cropped-icon-roheline-512px-1-1.png?fit=487%2C487&ssl=1","contentUrl":"https:\/\/i0.wp.com\/metsvintage.com\/kasutatud-riiete-hulgimuuk\/wp-content\/uploads\/sites\/3\/2024\/01\/cropped-cropped-icon-roheline-512px-1-1.png?fit=487%2C487&ssl=1","width":487,"height":487,"caption":"Kasutatud riiete hulgim\u00fc\u00fck"},"image":{"@id":"https:\/\/metsvintage.com\/kasutatud-riiete-hulgimuuk\/#\/schema\/logo\/image\/"}}]}},"jetpack_sharing_enabled":true,"_links":{"self":[{"href":"https:\/\/metsvintage.com\/kasutatud-riiete-hulgimuuk\/wp-json\/wp\/v2\/product\/577","targetHints":{"allow":["GET"]}}],"collection":[{"href":"https:\/\/metsvintage.com\/kasutatud-riiete-hulgimuuk\/wp-json\/wp\/v2\/product"}],"about":[{"href":"https:\/\/metsvintage.com\/kasutatud-riiete-hulgimuuk\/wp-json\/wp\/v2\/types\/product"}],"wp:featuredmedia":[{"embeddable":true,"href":"https:\/\/metsvintage.com\/kasutatud-riiete-hulgimuuk\/wp-json\/wp\/v2\/media\/576"}],"wp:attachment":[{"href":"https:\/\/metsvintage.com\/kasutatud-riiete-hulgimuuk\/wp-json\/wp\/v2\/media?parent=577"}],"wp:term":[{"taxonomy":"product_brand","embeddable":true,"href":"https:\/\/metsvintage.com\/kasutatud-riiete-hulgimuuk\/wp-json\/wp\/v2\/product_brand?post=577"},{"taxonomy":"product_cat","embeddable":true,"href":"https:\/\/metsvintage.com\/kasutatud-riiete-hulgimuuk\/wp-json\/wp\/v2\/product_cat?post=577"},{"taxonomy":"product_tag","embeddable":true,"href":"https:\/\/metsvintage.com\/kasutatud-riiete-hulgimuuk\/wp-json\/wp\/v2\/product_tag?post=577"}],"curies":[{"name":"wp","href":"https:\/\/api.w.org\/{rel}","templated":true}]}}